hat is the tens digit of (123 + -1)*(z + -32)?
2
Let i = 252 + -78. Suppose 4*j = 5*j - i. What is the units digit of j?
4
Let x be (-348)/(-30) + (-10)/(-25). Suppose 12274 = x*p + 26*p. What is the hundreds digit of p?
3
Let x(h) be the second derivative of 8*h**4 + h**3 + 3*h**2/2 - 19*h - 1. What is the hundreds digit of x(-3)?
8
Suppose 2853*b = 2819*b + 108732. What is the tens digit of b?
9
Let r(x) = 2*x**2 - 30*x + 4. Let b be r(15). Suppose b = -4*l, 0*s + 2*l - 448 = -5*s. What is the tens digit of s?
9
Let w be (715/(-10) - 2)/(1/(-2)). Suppose 27 = 2*y - 2*j + 9, 0 = -4*y + 2*j + 26. Suppose -y*k + 461 = b + 2*b, b - w = 2*k. What is the hundreds digit of b?
1
Suppose 9*r - 265 + 22 = 0. Suppose 0 = r*t - 20*t - 12439. What is the units digit of t?
7
Let m(c) = c**3 - 12*c**2 + 19*c - 5. Let i be m(10). Let f(p) = -6*p - 27. What is the units digit of f(i)?
3
Suppose 2*v = 0, 0*i + 39600 - 10738 = 2*i + 2*v. What is the tens digit of i?
3
Suppose l - 7764 = -2*q, -6*l + 46612 = -25*q + 30*q. What is the thousands digit of l?
7
Let c be (-3785)/(-2) - (5 - (-18)/(-4)). Suppose 4*j = 3*f - 2*f + c, -2*j - 3*f + 946 = 0. What is the units digit of j?
3
Suppose -9231 = -155*y + 161*y - 84945. What is the hundreds digit of y?
6
Let i(z) = -102*z - 1639. What is the tens digit of i(-67)?
9
Suppose 0 = 3*m - 4*y - 189951, 2*y + 126640 = 63*m - 61*m. What is the ten thousands digit of m?
6
Let q(z) = -16*z + 13. Let y be q(-6). Suppose 0 = 4*k - y - 247. Suppose -4*j - 160 = -3*p - p, 0 = -2*p + 5*j + k. What is the tens digit of p?
3
Let f(q) be the second derivative of -28*q - 1/12*q**4 + 0 - 13/6*q**3 - 19*q**2. What is the units digit of f(-6)?
4
Let s(v) = -v**3 + 6*v**2 + 7*v + 6. Let a be s(7). Suppose 133 = -a*j - 83. What is the hundreds digit of j/(-15)*500/6?
2
Suppose -20*g + 2*g - 624351 = -57*g. What is the units digit of g?
9
Suppose 0 = -38*m + 346235 + 10091. What is the hundreds digit of m?
3
Let d(b) = -3*b**3 - 2*b**2 - 4*b + 2. Let v be d(-5). Let k be (0/((-60)/10))/3. Suppose 6*s - 751 - v = k. What is the units digit of s?
3
Suppose 2*i - 3*b + 10 = -8*b, -2*i - 3*b - 2 = 0. Suppose -858 = -5*w + 3*g, 2*w - w - i*g = 154. What is the tens digit of w?
7
What is the thousands digit of -36 + 15 + 7 + 5210?
5
Let z(u) = 62*u**2 + 51*u + 632. What is the thousands digit of z(-8)?
4
Let p be 2*((-147)/(-6) - 2). Let d(k) = -k**2 + 2 - 109*k + p*k**3 + 108*k + 0. What is the units digit of d(1)?
5
Let w = 7439 + -2394. What is the tens digit of w?
4
Let f(z) = z**3 + 15*z**2 - 2*z - 9. Let t be f(-15). Suppose 4*m - 20 = -3*g, -4*g + 13 + t = -2*m. What is the units digit of g?
8
Let c(o) = -o**3 - 30*o**2 - 88*o + 33. Let l(k) = 48*k**2 - 292*k - 5. Let b be l(6). What is the hundreds digit of c(b)?
7
Let j(t) = -4*t**2 - 19*t - 60. Let w be j(-5). Let f = -55 - w. What is the units digit of f?
0
Suppose -5*w = k - 649, -9*k + 3293 = -4*k + w. Suppose -39*x + 40*x - k = 0. What is the tens digit of x?
5
Let h(j) = 8*j**2 - 11*j + 38. Let s be h(6). Let g = s + -128. What is the hundreds digit of g?
1
Suppose -1644*s + 1430680 = -1604*s. What is the ten thousands digit of s?
3
Suppose -129040 = 997*k - 1005*k. What is the units digit of k/9 - (-8 + 148/18)?
2
Suppose 9*q - 724 = 833. Suppose q = 38*g - 37*g. What is the hundreds digit of g?
1
Let m(l) = 23*l + 120. Let y be m(-5). Suppose -y*p + 3*f + 867 = -1858, -15 = -3*f. What is the units digit of p?
8
Let a(z) = -1731*z - 75. Let j be a(8). What is the tens digit of j/(-34) - (-2)/(-4)?
0
Let k be 7 + (-8)/8 + 1. Suppose 9*j - 1840 = -k*j. What is the hundreds digit of j?
1
Let l = -223 - -233. What is the hundreds digit of l/25*1055 - 3?
4
Suppose -507 - 135 = -2*j. Let x = j - -62. What is the tens digit of x?
8
Let u(p) = -1 - 1 - 8 + 3*p**2 + 7*p. Let y be ((-14)/6*-1)/(6/(-18)). What is the units digit of u(y)?
8
Suppose -2*b + 4*l = -158376, 3*b + 4*l = 120737 + 116867. What is the units digit of b?
6
Let p = 36334 - -1044. What is the hundreds digit of p?
3
Let j = -5106 - -18861. What is the units digit of j?
5
Let y(p) = -20*p**2 - 12*p - 19. Let v be y(-4). Let g = v - -503. What is the units digit of g?
2
Let i be (-10)/(270/207) + (-2)/6. Let y(n) = 9*n**2 + 21*n + 39. What is the units digit of y(i)?
7
Let b(d) = -41*d - 11. Let i be b(-9). Suppose -4*y = -3*s + i + 697, -3*y + 1797 = 5*s. What is the hundreds digit of s?
3
Let n = -131 - -8639. What is the units digit of n?
8
Suppose 0 = 2*f + 8*q - 27770, 4*q + 55582 = 4*f + 6*q. What is the thousands digit of f?
3
Let a(g) = -109 - 2*g**3 - g + 49 + 51. Let q be a(-4). Let b = q + -43. What is the tens digit of b?
8
Suppose 3*u + 5*q - 190 = 0, 5*u + 2*q - 5*q = 328. Let h(b) = -2*b**3 + 23*b**2 + 7*b + 22. Let c be h(12). Let v = c + u. What is the tens digit of v?
2
Suppose -39*t = 47907 - 268151 - 45814. What is the hundreds digit of t?
8
Let d = -88 - 355. Let r = d - -902. What is the tens digit of r?
5
Let n = 159 - 109. Let k(q) = q**3 - 49*q**2 - 34*q + 21. What is the units digit of k(n)?
1
Let v(b) = -10549*b + 247. What is the hundreds digit of v(-4)?
4
Suppose -23 = -5*u + 82. Let m = 21 - u. Suppose m = 4*x - f - 187, -f = 4 - 1. What is the tens digit of x?
4
Suppose -1 = -2*z - m - 5, 4*m + 10 = -5*z. What is the hundreds digit of z - (-4921)/7 - 7?
6
Let h(w) = -5*w**2 + 31*w + 22725. What is the thousands digit of h(0)?
2
Let s = -8232 - -19754. What is the units digit of s?
2
Let f(t) = 119*t + 1228. What is the tens digit of f(50)?
7
Let v(a) = -a**2 - 60*a + 2612. What is the thousands digit of v(-53)?
2
Let r(y) = 27 - 126*y - 187*y + 215*y. What is the hundreds digit of r(-2)?
2
Let u(x) = -x**3 + 65*x**2 + 26*x - 155. What is the ten thousands digit of u(37)?
3
Let s(x) = 32*x**3 + 5*x**2 + 6*x - 15. What is the hundreds digit of s(2)?
2
Suppose -3*z - 6651 = -5*b - 45562, z - 2*b = 12969. What is the hundreds digit of z?
9
Let r(c) = c**3 + 25*c**2 - 147*c + 18. What is the tens digit of r(-15)?
7
What is the tens digit of (-8 - (-4465)/(-15))*-3?
1
Let a = 10328 - -27356. What is the units digit of a?
4
Let p be (16/3)/((-6)/(-9)). Let f be (1 - -1)*(-68)/p. Let h = 46 - f. What is the tens digit of h?
6
Suppose -t + 3*t = 6. Suppose n = 2 + t. Suppose n*s = 3*l - 2*l + 30, s + 2*l = 6. What is the units digit of s?
6
Suppose 58*u - 49*u - 3168 = 0. Suppose -4*o - u = -2*s, -8*s + 6*s + 3*o + 352 = 0. What is the units digit of s?
6
Let h(y) = -269*y - 43 + 2 + 284*y - 4*y**2. Let x be h(11). Let g = -134 - x. What is the tens digit of g?
2
Let y(x) = 8*x + 6. Let c(q) = 18*q + 12. Let a(p) = 6*c(p) - 11*y(p). What is the tens digit of a(17)?
4
Suppose 0 = 91*b + 1725127 - 5776720. What is the ten thousands digit of b?
4
Suppose 247*d - 252*d + 19587 = -3*t, 2*t = -2*d + 7822. What is the tens digit of d?
1
Let b(d) be the first derivative of d**4/2 - 11*d**3/3 - 3*d**2/2 - 30*d + 4. What is the tens digit of b(8)?
6
Let z be ((-10)/3)/(1/66). Let n = 127 + z. Let a = n + 154. What is the tens digit of a?
6
Suppose p - 27 + 22 = 0, 5*w - 40235 = -4*p. What is the hundreds digit of w?
0
Let n be 86/6 + (-8)/(-12). Suppose o = 2, h + n = 5*o + 4. Let u(l) = -154*l + 3. What is the hundreds digit of u(h)?
1
Let q be (-1)/(-3) - (140/(-12))/7. Suppose q*g + j = 493, g - 1210 = -4*g + 5*j. Let t = 349 - g. What is the units digit of t?
4
Let z = -1125 - -1561. What is the units digit of z?
6
Suppose 3*b + 2*w = 2285, -4*b = -4*w - 3277 + 257. What is the tens digit of b?
5
Let w be ((-9)/(-27))/(128/129 + -1). Let l = 51 + w. What is the units digit of (-2)/l - 258/(-8)?
2
Suppose 2*t - 7 + 9 = 0, 4122 = f + 2*t. What is the thousands digit of f?
4
Suppose -218*p + 230*p - 144108 = 0. What is the hundreds digit of p?
0
Let l(i) = -10*i - 20. Let z be l(-18). Suppose -5*q = -4*y + 1947, 2*y + 5*q = z + 851. What is the units digit of y?
3
Suppose 0 = 5*u + 6*h - 4*h + 1, 0 = -2*h - 6. What is the hundreds digit of (670/(-20))/(u/(-4))?
1
Suppose -17*u + 16*u + 30 = 0. Suppose u*k - 1712 = -4*c + 32*k, -3*k - 6 = 0. What is the units digit of c?
7
Suppose -p + 0*p + 6 = 0. Let w(y) = y**3 - 3*y**2 + 19*y - 11. What is the hundreds digit of w(p)?
2
What is the units digit of 269